s the units digit of n?
2
Let l be 1255/25 - 1/5. Suppose 0 = -u + 3*r - 6, -4*r + l = 5*u + r. What is the units digit of u?
6
Suppose 0 = -4*b + 2*s + 2*s + 32, -3*b = -5*s - 32. Suppose 38 = 5*d + z, z = -4*d + 4*z + 38. Suppose -2*r + d = -b. What is the units digit of r?
6
Let p = 3 - 8. Let g = 5 + p. Suppose -50 = -g*q - 5*q. What is the units digit of q?
0
Suppose 3*f = 9, -f = 5*z - 3*z - 219. What is the units digit of z?
8
What is the units digit of (12/(-14))/(3/(-63))?
8
Let l(q) = q**2 + q - 1. Let u be l(-3). Suppose k - 5*k - 5*o = -u, 0 = k + 4*o + 7. Suppose -3*x - k = -26. What is the units digit of x?
7
Suppose 6*g + 64 = 10*g. What is the tens digit of g?
1
Suppose 0 = -5*m - 3 - 27. Let y(d) = d**3 + 8*d**2 + 6*d - 14. What is the tens digit of y(m)?
2
Suppose 0 = 2*w - 72 - 154. What is the tens digit of w?
1
Suppose 4*t - 369 = 475. What is the tens digit of t?
1
Let x = 10 + -10. Suppose x*g + 3*g - 27 = 0. What is the units digit of g?
9
Let z = 53 + -28. Suppose -4*g + z = g. What is the tens digit of (-2)/(-5) - (-93)/g?
1
Let j(t) = 6*t - 20. What is the units digit of j(13)?
8
Suppose -2*a = -2*r - 60, 2*a - r = 4*r + 48. What is the units digit of a?
4
Let o be 7/3 + (-2)/6. Suppose -3*i = o*i - 125. What is the tens digit of i?
2
Let o(f) = f**2 + 10*f + 26. What is the tens digit of o(-9)?
1
Let h = -1 - -49. Suppose 0 = 2*d + 10 - h. What is the units digit of d?
9
Let v(x) = 2*x + 21. Let r(m) = -2*m - 21. Let u(b) = 4*r(b) + 5*v(b). What is the units digit of u(-9)?
3
Let u(r) = -2*r + 14. Let y be u(6). Suppose p + p + 2*s = 24, -s = y*p - 20. What is the units digit of p?
8
Let n = 91 + -33. What is the units digit of n?
8
Let j(z) = -z**3 + 5*z**2 - z - 3. Let w be ((-2)/2)/(2/(-6)). What is the units digit of j(w)?
2
Let q = 0 + 4. Suppose -q*c = -2*c. Suppose -3*w + 48 = -c*w. What is the units digit of w?
6
Let p(c) = -c**3 - 2*c**2 + 2. Let z be p(-3). Let a(m) = -5 + z*m**2 - 5 - m**3 - 2*m**2 - 6*m. What is the units digit of a(8)?
6
Suppose -10 = -4*h - 2*x, -3*h - x = -8 + 1. Let g be ((-6)/4)/(6/8). What is the units digit of h/g - (-10)/2?
4
Suppose -g + 4*n + 21 = 0, -5*g - 4*n = 10 - 211. What is the units digit of g?
7
Suppose -w = -3*w + 4. What is the units digit of ((-4)/(w + 2))/(-1)?
1
Suppose 1 = -3*a - 8. Let c = 15 + a. Suppose -c - 24 = -2*h. What is the tens digit of h?
1
Let o(s) = s**2 - 2*s - 2. Let r be (2*-1)/((-12)/(-18)). What is the tens digit of o(r)?
1
Let x(h) = h**2 + 2*h - 5. Suppose 2*m + o = 23, 0 = -2*m + 4*o - 2*o + 26. Suppose 3*q + m = -0*q. What is the units digit of x(q)?
3
Let u(q) = 25*q**2 + 1. What is the tens digit of u(1)?
2
Let p be 4/(-10) + (-104)/(-10). Suppose -g + 12 = d - p, d = -5*g + 114. What is the units digit of g?
3
What is the units digit of 1407/30*2 - 4/(-20)?
4
Let m be 198/15*10/3. Suppose -2*z + 3*y = 3*z - m, 2*y = 5*z - 41. What is the units digit of z?
7
Let m(w) be the second derivative of w**4/12 + 2*w**3/3 - 3*w**2/2 + w. Let d be m(-5). Suppose -2*p + p = -d. What is the units digit of p?
2
Suppose z + 0*z - 2*s = -54, 0 = -5*z + 4*s - 240. Let g = 62 + z. What is the tens digit of g?
1
Let g(d) = -d**2 + 8*d + 12. Let t be g(9). Let u(n) = -n**3 + 2*n**2 + n + 2. Let v be u(t). Let h = 5 + v. What is the units digit of h?
1
Suppose 5*u - 1254 = 2*r, 0 = -4*r + 3*r + 3. What is the units digit of u?
2
Let d(g) = -g**2 + 5*g + 4. Let b be d(8). Let p = b - -37. Suppose -5*v = -13 - p. What is the units digit of v?
6
Suppose -5*f - 95 + 30 = 0. Let i = f - -1. What is the units digit of i*(1 - 9/6)?
6
Suppose 2*q = -3*v + q + 17, -5*v + 3*q = -5. Suppose 0 = -d - 0*d + v. What is the units digit of (11/d)/((-3)/(-12))?
1
Let q(y) = 8*y**2 - y + 1. Let r be q(1). Let d be (6/r)/(6/(-24)). Let h = d + 10. What is the units digit of h?
7
Let w(q) = 14*q + 3. Let f be w(3). What is the tens digit of (f/(-12))/((-6)/16)?
1
Let m(d) = -d**3 - 4*d**2 - 2*d + 3. What is the tens digit of m(-4)?
1
Suppose -2*u + 2*h = 2, 6 + 19 = 5*u + 5*h. Suppose -r = -u*v + 6 - 31, -4 = -v - 5*r. Let w = -3 - v. What is the units digit of w?
8
Let q(l) = l**3 + 3*l**2 - l - 1. Let g be q(-3). Suppose 5*h = -3*j + 164, h = g*h - 4*j - 19. What is the tens digit of h?
3
What is the units digit of 134/(-4)*(4/(-2) + -4)?
1
Suppose -i - 5*i + 426 = 0. What is the tens digit of i?
7
Let a(q) = -q - 1. Let m be a(-6). Suppose 44 + 1 = m*j. What is the units digit of j?
9
Let m be ((-2)/3 + -1)*-3. Suppose -6 - 14 = -m*d. Let u = d + 5. What is the units digit of u?
9
Let f be (-29)/5 + 1/(-5). Suppose -1 = -q - 4. Let z = q - f. What is the units digit of z?
3
Suppose -15 = 5*o + 5*m, 2*m = 5*o + 18 - 3. Let i be (o + 36)*1/3. Suppose 2*n - 33 = -i. What is the units digit of n?
1
Let y(w) = w**2 - w + 2. Let l(k) = k**3 + 4*k**2. Let j be l(-4). Let x be y(j). What is the units digit of x/8 + (-92)/(-16)?
6
Let p(n) = -n**3 + 7*n**2 + 2*n + 3. Suppose 2*y - 2 = 12. What is the units digit of p(y)?
7
Let d(a) = 4*a - 7. Let l(v) = -3*v + 7. Let r(k) = -2*d(k) - 3*l(k). What is the units digit of r(16)?
9
Suppose -2*z + 11 = 1. Suppose k - 13 = -0*k. Suppose 0 = -5*h + 3*c + 18, 0 = 2*h - z*h + 4*c + k. What is the units digit of h?
3
Let b(x) = x**2 - 9*x + 10. Let d be b(9). Let n = -7 + d. Suppose -3*k = -n*j + 3, k = -2*j + 6*j - 16. What is the units digit of k?
4
Let c(x) be the second derivative of -x**4/12 - 13*x**3/6 - 11*x**2/2 - 2*x. What is the tens digit of c(-9)?
2
Suppose -p - 98 = -256. What is the hundreds digit of p?
1
Let r = 1 - 0. Suppose 15 = 4*v - r. Suppose -v*c + 13 = -7. What is the units digit of c?
5
Suppose 0 = 3*c + n - 6, 0 = -2*c - 2*n + 4. Let b be c/(-4)*2 - -11. Let a(o) = -o**2 + 9*o + 13. What is the units digit of a(b)?
3
What is the units digit of 18/4 - 4/(-8)?
5
Let l(f) = f**2 - 3*f - 2. Let j be l(-4). Suppose -u + 3*u = j. What is the units digit of u?
3
Let q(o) = o**2 + 4*o + 13. What is the units digit of q(-10)?
3
Let h = -5 - -6. Suppose -h = -r - 0. What is the units digit of r?
1
Suppose -2*g = -3*i - 34 - 5, g + 2*i = 2. Let j(b) = 3*b**2. Let m be j(-1). Suppose -3*s + g - m = 0. What is the units digit of s?
3
Let m = 9 + 5. What is the units digit of m?
4
Suppose -8*f - 12 = -12*f. What is the units digit of f?
3
Suppose -3*t - t = 0. What is the tens digit of 12 + (-1 - t - 0)?
1
Suppose b - 4*o + 0*o - 32 = 0, 5*b - 2*o = 160. What is the tens digit of b?
3
Let h(x) = 2*x**3 - 11*x**2 - 3*x + 6. Let k be h(8). What is the tens digit of (-2)/(-9) + k/18?
1
Suppose -y + 2*y = 14. Suppose -3*d + y = -2*d. What is the units digit of d?
4
Suppose -13*k = -15*k + 34. What is the units digit of k?
7
Suppose 0 = -5*h + 2*h + 15. Suppose -j - 1 = -h*m - 0, -3*m = 5*j - 51. What is the units digit of j?
9
Let o(q) = -q**2 + 2*q - 1. Let l be o(1). Let r(g) = g**2 - 12. Let b(x) = -2*x**2 + 25. Let h(s) = -6*b(s) - 13*r(s). What is the units digit of h(l)?
6
Let b(p) = 5*p**2 - 3*p + 4. What is the tens digit of b(3)?
4
Let v = 4 + -5. Let g(s) = -3*s**3 + 2*s - 1. Let i be g(1). What is the tens digit of 1 + i/v + 16?
1
Let k(p) = p**3 + 5*p**2 - 2*p - 7. Let q be k(-5). What is the units digit of 46/q - (-4)/6?
6
Suppose 2*r = 14 + 104. What is the tens digit of r?
5
Suppose 4*n + t = -n + 4, -3*t + 12 = 4*n. Suppose g - 3*g + 5*d + 29 = n, -5*g + 160 = 5*d. What is the tens digit of g?
2
Let x(t) = t**3 - 7*t**2 + t + 10. Let a be x(7). Suppose 0 = 4*i - 6*i - 12. Let f = a + i. What is the tens digit of f?
1
Let a(l) = -l**2 - 5*l - 3. Let v be a(-4). Let d be -2*v/4*0. Suppose z = -d*z + 7. What is the units digit of z?
7
Let u = -12 - -20. Let h(p) = 2*p - 11. Let j be h(u). What is the tens digit of 58/j + 14/35?
1
Let l be 1*3/6*-2. Let a = 15 - l. What is the tens digit of a?
1
Suppose 4*y + 55 = 15. What is the tens digit of (-136)/y + 14/35?
1
Let t be (-20 + 1)*(-4)/(-1). Let i = -44 - t. What is the units digit of i?
2
Suppose 5*a = 46 + 9. What is the units digit of a?
1
Let s = -327 - -471. What is the units digit of s?
4
Let q(h) = h**3 - 8*h**2 - 9*h + 9. Let k(n) = -n**3 - 2*n**2 + 7*n + 5. Let p be k(-4). What is the units digit of q(p)?
9
Let c(l) = 2*l - 4. Let n be c(3). Suppose n - 5 = -3*